w**2 + 88*w + 3494. Give u(-40).
-26
Let n(v) = 36*v - 336. Calculate n(9).
-12
Let x(v) = v**3 - 10*v**2 + 9*v - 75. Determine x(10).
15
Let p(l) = -3966*l - 19856. Calculate p(-5).
-26
Let j(s) = -18*s**3 + 774*s**2 - 7*s + 275. Determine j(43).
-26
Let f(i) = i**2 + 8*i + 86. Calculate f(-5).
71
Let v(c) = 231*c + 16192. Determine v(-70).
22
Let h(l) = -l**3 + 6*l**2 - l - 16. Calculate h(6).
-22
Let o(l) = -11*l**2 - 16*l - 19. Give o(0).
-19
Let y(b) = -223*b + 1437. Calculate y(6).
99
Let m(t) = t**3 - 5*t**2 + 8*t - 1. Calculate m(2).
3
Let w(g) = -g**2 + 9*g + 27. Determine w(-5).
-43
Let z(p) = -2*p**3 - 29*p**2 - 29*p - 223. Give z(-13).
-353
Let d(m) = -4*m**2 + 10*m + 136. Give d(7).
10
Let i(r) = -r**3 + 2*r**2 - 53*r - 54. Give i(-1).
2
Let w(k) = 47*k**2 + 1257*k - 8. What is w(-27)?
316
Let b(f) = f**3 + 47*f**2 - 31*f + 831. What is b(-48)?
15
Let p(z) = 40*z + 821. Calculate p(-20).
21
Let f(a) = 3*a**2 + 90*a - 2011. Determine f(-45).
14
Let n(t) = -4*t**2 - 242*t - 1491. Give n(-7).
7
Let d(v) = 44*v**2 + 29*v - 68. Calculate d(1).
5
Let l(f) = 694*f - 5546. Give l(8).
6
Let k(s) = -2*s**2 + 44*s - 44. Determine k(21).
-2
Let q(y) = y**3 - 40*y**2 - 470*y - 989. Determine q(-7).
-2
Let n(s) = 107*s - 424. Determine n(4).
4
Let u(l) = l**3 + 5*l**2 + 15*l + 135. What is u(9)?
1404
Let a(j) = -j**2 + 26*j - 171. Calculate a(14).
-3
Let i(h) = 46*h**3 + 6*h**2 - 2. Give i(-1).
-42
Let c(r) = 9*r + 119. Determine c(-14).
-7
Let l(w) = w**3 + 1755*w**2 - 8806*w - 5. What is l(5)?
-35
Let q(a) = -17*a + 802. Give q(45).
37
Let k(i) = -117*i + 677. What is k(7)?
-142
Let w(k) = 2*k**2 - 5*k - 46. Determine w(-5).
29
Let h(x) = -7*x + 16. Give h(-2).
30
Let v(g) = -7*g**3 - 64*g**2 - 12*g - 22. Give v(-9).
5
Let d(c) = -c**2 - 74*c + 672. Calculate d(8).
16
Let z(m) = m**2 - 27*m + 143. Determine z(27).
143
Let a(h) = -116*h**2 + 348*h + 2. Give a(3).
2
Let h(j) = j**3 + 15*j**2 - 3850*j - 31254. What is h(-8)?
-6
Let s(h) = 17*h + 122. What is s(-18)?
-184
Let o(z) = 3*z**2 + 39*z - 40. Give o(-14).
2
Let j(v) = v**2 + 94*v - 2629. Determine j(-119).
346
Let p(a) = 2*a**3 - 12*a**2 - 17*a - 19. Determine p(7).
-40
Let o(f) = -35*f - 907. Calculate o(-26).
3
Let j(u) = 3*u**3 + 6*u**2 + 157*u + 750. Calculate j(-5).
-260
Let i(u) = -5*u**3 + 22*u**2 + 51*u + 22. Calculate i(-2).
48
Let n(c) = -c**3 + 3*c**2 - 153*c + 817. Calculate n(5).
2
Let y(p) = -p**3 - 52*p**2 + 55*p + 12. Determine y(-53).
-94
Let t(i) = i**3 - i**2 + 59*i + 121. Determine t(-2).
-9
Let t(n) = -502*n + 1562. Determine t(3).
56
Let g(z) = -16*z**2 - 2261*z - 700. Calculate g(-141).
5
Let q(j) = 11506*j + 241625. Determine q(-21).
-1
Let g(x) = x**3 + 2*x**2 - x - 13. What is g(-4)?
-41
Let s(r) = 7*r**2 - 185*r + 77. Determine s(22).
-605
Let k(g) = g**3 - 31*g**2 + 61*g - 54. Determine k(29).
33
Let b(m) = -564*m + 3943. Determine b(7).
-5
Let n(k) = 91*k - 186. Give n(2).
-4
Let p(g) = -g**2 - 11*g + 121. Calculate p(-19).
-31
Let c(h) = h**3 + 2*h**2 - 9*h - 8. Calculate c(-5).
-38
Let n(p) = 2*p**2 - 226*p - 1328. Give n(-6).
100
Let i(a) = 350*a + 1738. Determine i(-5).
-12
Let f(k) = -3*k**2 - 163*k + 63. What is f(-53)?
275
Let o(p) = -24*p - 757. Determine o(-30).
-37
Let l(x) = 77*x**2 - 847*x + 14. What is l(11)?
14
Let p(z) = -233*z**2 + 12813*z + 113. Calculate p(55).
3
Let s(z) = 63*z - 1893. Give s(30).
-3
Let z(s) = s**3 - 6*s**2 - 30*s - 74. What is z(10)?
26
Let w(m) = 95*m + 950. Calculate w(-10).
0
Let j(a) = -570*a**2 + 1705*a + 9. Determine j(3).
-6
Let x(h) = -h**3 - 17*h**2 - 29*h + 5. Give x(-15).
-10
Let u(h) = -7*h + 304. Give u(41).
17
Let a(p) = -6*p**2 + 75*p - 109. What is a(11)?
-10
Let t(m) = -m**2 + 5*m - 13. What is t(-10)?
-163
Let w(u) = 3*u**3 + 2*u**2 + 10*u + 1. What is w(-4)?
-199
Let u(z) = -9*z**3 - z**2 + 10*z - 4. Calculate u(2).
-60
Let y(h) = -h**3 + 45*h**2 + 621*h + 47. Determine y(-11).
-8
Let n(h) = 4*h**2 - 328*h + 2366. Calculate n(74).
-2
Let n(v) = -5*v - 872. Calculate n(-173).
-7
Let y(h) = -h**3 + 16*h**2 - 37*h - 188. What is y(11)?
10
Let x(i) = -8*i + 5. Give x(8).
-59
Let v(i) = i**3 + 3*i**2 - 21*i - 42. Calculate v(-5).
13
Let i(h) = 5*h**2 - 32*h - 165. Give i(-8).
411
Let h(d) = -d**2 - 2*d + 14. Calculate h(-10).
-66
Let c(o) = -24*o**2 - 3*o + 5. Give c(2).
-97
Let w(d) = -2610*d + 2608. Determine w(1).
-2
Let o(d) = -2322*d**2 - 58049*d + 16. What is o(-25)?
-9
Let v(c) = -c - 63. Give v(-12).
-51
Let a(y) = 241*y + 407. What is a(-2)?
-75
Let u(g) = -3*g**2 + 191*g + 4408. Give u(-18).
-2
Let m(f) = -4*f**3 + 15*f**2 - 59*f + 8. Calculate m(3).
-142
Let o(x) = 2*x**3 + 12*x**2 + 32*x + 80. Give o(-3).
38
Let r(u) = u**3 - 12*u**2 + 1438*u - 15702. Give r(11).
-5
Let d(i) = -2*i**3 - 18*i**2 - 18*i - 73. Give d(-8).
-57
Let x(t) = -15*t + 1106. Calculate x(71).
41
Let c(i) = 384*i - 3171. Calculate c(8).
-99
Let x(k) = -40*k + 1880. Determine x(47).
0
Let m(p) = 3*p**2 + 514*p - 1542. Determine m(3).
27
Let d(k) = -k**3 + 50*k**2 + 1222*k - 28. Give d(-18).
8
Let v(q) = -q**3 - 33*q**2 - 231*q + 127. Give v(-11).
6
Let l(f) = f**3 + 2*f + 5. Determine l(-6).
-223
Let i(d) = -19*d - 49. Give i(-2).
-11
Let o(w) = w**3 - 2*w**2 - 9*w + 34. Give o(6).
124
Let w(t) = 52*t + 603. Give w(-8).
187
Let q(d) = 2*d**3 + 102*d**2 - 110*d - 308. What is q(-52)?
4
Let g(l) = -122*l**2 - 607*l + 25. Determine g(-5).
10
Let f(v) = 3*v**3 - 49*v**2 - 34. Determine f(16).
-290
Let j(w) = -9*w - 11. Give j(5).
-56
Let x(c) = c**3 + 74*c**2 + 160*c + 6351. Calculate x(-73).
0
Let i(f) = -f**2 + 3025*f - 7. What is i(0)?
-7
Let k(s) = s**3 - 7*s**2 - 130*s + 9. Calculate k(-8).
89
Let x(j) = j**3 + 7*j**2 - j + 1. Give x(-3).
40
Let b(x) = 8376*x + 217768. Give b(-26).
-8
Let m(y) = -2*y**2 - 41*y - 262. Determine m(-8).
-62
Let o(n) = n**3 - 5*n**2 - 14*n - 21. Give o(-3).
-51
Let j(t) = 669*t + 677. Calculate j(-1).
8
Let r(m) = -m**3 - 16*m**2 + 8*m + 539. Give r(-12).
-133
Let g(n) = n**3 - 25*n**2 - 55*n - 31. Give g(27).
-58
Let j(o) = -2*o**2 + 1797*o - 17757. What is j(10)?
13
Let f(h) = -h**3 + 25*h**2 + 45*h + 141. Determine f(27).
-102
Let c(t) = -2*t**2 - 377*t - 4887. Calculate c(-14).
-1
Let m(s) = 851*s - 8513. What is m(10)?
-3
Let u(b) = -5*b**2 + 13*b - 1. Calculate u(-4).
-133
Let m(d) = 137*d - 3131. Determine m(23).
20
Let v(k) = -16220*k - 64886. Determine v(-4).
-6
Let x(f) = 36*f + 1979. What is x(-55)?
-1
Let f(s) = -1641*s + 26242. Give f(16).
-14
Let p(r) = r**3 - 15*r**2 - 71*r + 17. Calculate p(19).
112
Let f(s) = -71*s**2 + 1914*s + 79. Calculate f(27).
-2
Let o(t) = -t**3 + 1364*t - 18. What is o(0)?
-18
Let t(z) = z**3 + 12*z**2 + 60*z + 18. What is t(-7)?
-157
Let t(u) = -2*u**2 + 20*u + 12. Determine t(13).
-66
Let n(w) = 48*w + 29. Determine n(-6).
-259
Let k(l) = 7*l**2 + 17*l - 63. Give k(4).
117
Let h(y) = -9*y**3 - 16*y**2 + 29*y. Determine h(2).
-78
Let d(n) = -379*n**3 + n**2 + n + 1. Calculate d(-1).
380
Let k(a) = a**2 + 4*a - 21. Calculate k(-7).
0
Let s(j) = -j**3 + 9*j**2 - 18*j + 67. Calculate s(7).
39
Let s(k) = -7*k**3 + 7*k**2 + 11*k + 2. Determine s(-2).
64
Let o(v) = -v**3 - 23*v**2 - 128*v - 48. Calculate o(-8).
16
Let m(r) = -11*r + 365. Calculate m(34).
-9
Let b(w) = 5569*w + 66825. Determine b(-12).
-3
Let v(i) = -14*i**2 - 45*i + 280. What is v(3)?
19
Let z(l) = -l**3 + 8*l**2 - 7*l + 17. Give z(11).
-423
Let f(x) = -9*x**2 + 28*x - 71. Give f(5).
-156
Let g(p) = -p**2 + 42*p + 2373. Determine g(74).
5
Let k(i) = -8*i**2 + 10*i + 97. Calculate k(4).
9
Let b(g) = -g**3 - 41*g**2 - 373*g + 71. Give b(-27).
-64
Let w(z) = 2*z**3 - 47*z**2 + 29*z - 80. Give w(23).
58
Let p(d) = 116*d - 174. Determine p(5).
406
Let q(s) = s**3 - 11*s**2 + 2*s - 124. Determine q(10).
-204
Let d(t) = t**2 - 39*t - 1437. Give d(-23).
-11
Let y(u) = -4*u**3 + 63*u**2 - 46*u + 26. Calculate y(15).
11
Let l(p) = -2*p**3 - 20*p**2 - 4*p + 17. Determine l(-10).
57
Let z(l) = -l**3 - 13*l**2 - 2*l - 21. What is z(-13)?
5
Let w(h) = -9*h**3 - 1. Give w(2).
-73
Let x(s) = 373*s + 365. Determine x(-1).
-8
Let p(i) = -678*i + 2622. What is p(5)?
-768
Let n(k) = -2*k**2 - 170*k - 3432. Calculate n(-43).
180
Let a(g) = g**3 + 52*g**2 - 1087*g + 64. Calculate a(-68).
-4
Let x(r) = -181*r 